factors of 73878651.
3, 7, 11, 17, 6271
What are the prime factors of 30810819?
3, 13, 790021
What are the prime factors of 502133734?
2, 37, 6785591
List the prime factors of 8323915207.
17, 489642071
What are the prime factors of 365106733?
479, 762227
List the prime factors of 42713482.
2, 7, 19, 103, 1559
What are the prime factors of 118210394?
2, 59, 1001783
What are the prime factors of 33579227?
11, 83, 36779
List the prime factors of 319761735.
3, 5, 19, 769, 1459
List the prime factors of 1199489457.
3, 399829819
List the prime factors of 50535385.
5, 617, 16381
List the prime factors of 3752845583.
37, 277, 366167
List the prime factors of 663100560.
2, 3, 5, 306991
What are the prime factors of 3051228018?
2, 3, 14983, 33941
What are the prime factors of 2984751990?
2, 3, 5, 11, 19, 653
List the prime factors of 236839100.
2, 5, 2368391
What are the prime factors of 56920337?
47, 181, 6691
What are the prime factors of 137344252?
2, 34336063
List the prime factors of 1594133.
1594133
What are the prime factors of 36940636?
2, 19, 486061
What are the prime factors of 3017236979?
3017236979
List the prime factors of 489171504.
2, 3, 821, 12413
List the prime factors of 142838177.
4831, 29567
List the prime factors of 263400481.
353, 746177
List the prime factors of 1073036493.
3, 139, 857743
What are the prime factors of 3608471198?
2, 71, 97, 261977
List the prime factors of 27000214.
2, 53, 103, 2473
What are the prime factors of 2311338802?
2, 17, 29, 80833
List the prime factors of 559491504.
2, 3, 11, 13, 37, 2203
What are the prime factors of 847416750?
2, 3, 5, 1129889
List the prime factors of 491809379.
491809379
List the prime factors of 125918317.
7, 17988331
List the prime factors of 1508835499.
1508835499
List the prime factors of 20033446.
2, 17, 589219
What are the prime factors of 3890160?
2, 3, 5, 1801
What are the prime factors of 43220357?
677, 63841
What are the prime factors of 4697181677?
2963, 1585279
List the prime factors of 1139679642.
2, 3, 29, 157, 41719
What are the prime factors of 213751806?
2, 3, 229, 155569
List the prime factors of 789778054.
2, 13, 19, 29, 1901
What are the prime factors of 89184895?
5, 227, 78577
List the prime factors of 392314013.
7, 13, 23, 187441
What are the prime factors of 228543928?
2, 3613, 7907
List the prime factors of 33987329.
43, 790403
List the prime factors of 42486261.
3, 19, 47, 15859
What are the prime factors of 2901754924?
2, 1753, 413827
List the prime factors of 2358126758.
2, 13, 509, 178187
What are the prime factors of 7416226385?
5, 751, 1975027
What are the prime factors of 6874822?
2, 37, 61, 1523
What are the prime factors of 40319294?
2, 43, 10903
List the prime factors of 71841987.
3, 7, 162907
What are the prime factors of 943378572?
2, 3, 6577, 11953
List the prime factors of 456211298.
2, 1697, 134417
What are the prime factors of 2503658864?
2, 7, 59, 378883
List the prime factors of 4278622524.
2, 3, 11, 367, 88321
List the prime factors of 84536329.
379, 223051
What are the prime factors of 129756263?
7, 13, 19, 71, 151
What are the prime factors of 87113527?
1361, 64007
What are the prime factors of 30794352?
2, 3, 641549
List the prime factors of 276866318.
2, 17, 23, 487, 727
What are the prime factors of 4351991546?
2, 7, 29, 283, 773
What are the prime factors of 5383471839?
3, 23, 8699, 8969
List the prime factors of 35212114.
2, 7, 271, 9281
What are the prime factors of 413918959?
413918959
What are the prime factors of 4458946043?
4458946043
What are the prime factors of 1822606686?
2, 3, 17, 43, 138517
What are the prime factors of 98013761?
19, 751, 6869
What are the prime factors of 55039682?
2, 27519841
What are the prime factors of 1419040718?
2, 9539, 74381
What are the prime factors of 6260762132?
2, 24851, 62983
List the prime factors of 4633758942.
2, 3, 53, 14571569
List the prime factors of 1634552963.
26513, 61651
What are the prime factors of 853493817?
3, 11, 25863449
What are the prime factors of 99825343?
17, 5872079
What are the prime factors of 6016051?
1609, 3739
List the prime factors of 71854923.
3, 7, 167, 2927
What are the prime factors of 58682678?
2, 19, 227, 6803
What are the prime factors of 2440919908?
2, 7, 17, 29, 25261
What are the prime factors of 833043151?
643, 1097, 1181
What are the prime factors of 307042011?
3, 31, 1100509
List the prime factors of 2737452377.
11, 248859307
What are the prime factors of 4249616265?
3, 5, 31478639
What are the prime factors of 83851885?
5, 13, 99233
List the prime factors of 84452545.
5, 89, 173, 1097
List the prime factors of 173698863.
3, 13, 4453817
What are the prime factors of 30504548?
2, 7626137
List the prime factors of 366066276.
2, 3, 1033, 29531
List the prime factors of 58397917.
58397917
What are the prime factors of 50018935?
5, 10003787
What are the prime factors of 21210995?
5, 13, 326323
What are the prime factors of 54213907?
11, 4928537
List the prime factors of 55290784.
2, 73, 23669
What are the prime factors of 177812465?
5, 35562493
What are the prime factors of 742712468?
2, 185678117
List the prime factors of 232795786.
2, 37, 41, 277
What are the prime factors of 944714995?
5, 7, 23, 71, 16529
List the prime factors of 113084861.
179, 223, 2833
List the prime factors of 844610966.
2, 17, 24841499
What are the prime factors of 607942737?
3, 67549193
What are the prime factors of 749050732?
2, 187262683
List the prime factors of 246338043.
3, 7, 1675769
List the prime factors of 155166070.
2, 5, 283, 54829
What are the prime factors of 18348289?
18348289
What are the prime factors of 292179806?
2, 113, 1292831
What are the prime factors of 387264071?
387264071
What are the prime factors of 7897069266?
2, 3, 1316178211
What are the prime factors of 4607272417?
11, 59, 251, 28283
List the prime factors of 34093615.
5, 769, 8867
List the prime factors of 3372469817.
25169, 133993
What are the prime factors of 33257197?
33257197
List the prime factors of 184828718.
2, 92414359
List the prime factors of 539265633.
3, 197, 912463
List the prime factors of 1346650332.
2, 3, 643, 174527
List the prime factors of 259719.
3, 86573
List the prime factors of 246542671.
246542671
List the prime factors of 573995693.
6791, 84523
What are the prime factors of 412628994?
2, 3, 29, 509, 1553
What are the prime factors of 63541252?
2, 347, 45779
What are the prime factors of 73101949?
19, 3847471
What are the prime factors of 172273684?
2, 11, 19, 206069
What are the prime factors of 69303951?
3, 17, 150989
List the prime factors of 2248903116.
2, 3, 73, 95083
What are the prime factors of 40298951?
7, 11, 29, 18047
List the prime factors of 4812859577.
4812859577
List the prime factors of 227212425.
3, 5, 11, 71, 431
What are the prime factors of 223965138?
2, 3, 463, 80621
List the prime factors of 151518840.
2, 3, 5, 11, 79, 1453
What are the prime factors of 3378053100?
2, 3, 5, 73, 2113
List the prime factors of 59668210.
2, 5, 7, 23, 37061
List the prime factors of 131869578.
2, 3, 17, 71, 131, 139
What are the prime factors of 256123334?
2, 128061667
List the prime factors of 439706896.
2, 317, 86693
What are the prime factors of 351740778?
2, 3, 17, 3448439
What are the prime factors of 122055735?
3, 5, 2347, 3467
What are the prime factors of 4042383?
3, 19, 70919
List the prime factors of 25646266.
2, 29, 442177
What are the prime factors of 1134671854?
2, 567335927
List the prime factors of 4618392132.
2, 3, 384866011
What are the prime factors of 103426589?
7, 17, 869131
What are the prime factors of 2384727935?
5, 14731, 32377
What are the prime factors of 57852712?
2, 1063, 6803
What are the prime factors of 4721913962?
2, 601, 3928381
What are the prime factors of 84589345?
5, 16917869
What are the prime factors of 44929219?
44929219
What are the prime factors of 1721757607?
1381, 1246747
What are the prime factors of 1500706507?
19, 23, 3434111
List the prime factors of 3903921616.
2, 7, 17, 991, 2069
What are the prime factors of 99254660?
2, 5, 23, 215771
List the prime factors of 213682258.
2, 106841129
What are the prime factors of 2456300147?
7, 350900021
What are the prime factors of 29191633?
107, 149, 1831
What are the prime factor